 -z. Let h(m) = m**3 + 13*m**2 + 16*m + 11. List the prime factors of h(j).
7, 11
List the prime factors of ((-96)/(-24) - 16) + 97501.
7, 19, 733
Let g = 1726 + -1036. What are the prime factors of (-2)/(-15) + 516718/g?
7, 107
Let b(a) = 194*a + 46. Let i(z) = z**3 + 18*z**2 + 55*z - 9. Let n be i(-14). List the prime factors of b(n).
2, 127
Let i(f) = f**3 + 16*f**2 + 3. Let m be i(-16). Let y be m*20*((-2368)/(-20))/8. Suppose -4*h - 2*g = -y, -3*g + 6*g - 888 = -4*h. List the prime factors of h.
2, 3, 37
Suppose -4 + 8 = 2*k. Suppose -k*b - 2*j + 302 = 2*j, -795 = -5*b - 2*j. List the prime factors of b.
7, 23
Let w(o) = o**3 - 25*o**2 + 26*o + 33. Let p be w(26). Let x = p - 872. List the prime factors of x.
3, 19
Let q = 15328 + -5119. What are the prime factors of q?
3, 41, 83
Let r(z) = -2*z**3 - 22*z**2 - 16*z + 430. What are the prime factors of r(-24)?
2, 5, 1579
Let c(x) = -5*x**2 - 32*x - 6. Let p be c(-6). List the prime factors of p/(-9) + 19880/21.
2, 11, 43
Suppose -10 = 2*f, 4*g - 85*f = -84*f + 68685. List the prime factors of g.
2, 5, 17, 101
What are the prime factors of (-49)/(-7) + 3/(30/75350)?
2, 3, 419
Suppose 24 = -81*o + 93*o. Suppose -3*m + 0*z = -o*z - 2117, 2792 = 4*m + 5*z. What are the prime factors of m?
19, 37
Let f(k) = k - 2. Let r(y) = -2*y - 4. Let t(n) = 3*f(n) + r(n). Let d be t(14). List the prime factors of d/(-4) - (-92 + 9/3).
2, 11
Suppose 2*a = d + 52829, -26*a + 22*a - d = -105655. What are the prime factors of a?
2, 47, 281
Let h(s) = -15*s**3 - 6*s**2 + 32*s - 5. Let c(k) = -60*k**3 - 23*k**2 + 129*k - 18. Let n(r) = 2*c(r) - 9*h(r). List the prime factors of n(3).
2, 3, 11
Let u(s) = s**2 + 3*s + 4. Let l be u(-3). Suppose l*o = 157 + 419. What are the prime factors of (2 - -3) + 13 + o?
2, 3
Let z = -989 - -1478. List the prime factors of (z - (-4 + 4)) + (2 - 5).
2, 3
Suppose 0 = 41*m + 4 + 119. Suppose -4*a + 3*n + 681 = -18, 2*n = -a + 161. List the prime factors of a + m/(-3) + -5.
167
Let u(p) = 30*p + 249. Let f(k) = 33*k + 252. Let j(i) = 2*f(i) - 3*u(i). List the prime factors of j(-30).
3, 53
Suppose 18*n - 230371 + 20016 - 330041 = 0. What are the prime factors of n?
2, 17, 883
Let m(b) = b**2 - 12*b + 23. Let g(o) = -3*o - 8. Let x be g(-6). Let v be m(x). Suppose -263 = -3*u - 2*y, -y = 2 + v. What are the prime factors of u?
7, 13
Let j(i) = 27*i**3 - 23*i**2 + 18*i - 136. What are the prime factors of j(11)?
2, 3, 173
Let c(b) = b**2 + 181*b - 808. List the prime factors of c(72).
2, 17
Let q = -38254 + 81938. List the prime factors of q.
2, 67, 163
Let p(d) = -5*d + 1 - 1 - 2 + 1. Let g be p(-18). Suppose 5*v - 80 = -4*y + g, -2*v = 2*y - 68. List the prime factors of v.
3, 11
What are the prime factors of 183/(-4 + (-424)/(-104))?
3, 13, 61
Let q = 104 - 109. Let y be (-2)/5 - 37/q. Suppose -y*a = -1056 - 589. List the prime factors of a.
5, 47
Let m(w) = -w**3 + 13*w + w**3 + 2241*w**2 + 7 - 2245*w**2 - 2*w**3. Suppose -10 = -4*j - 30. List the prime factors of m(j).
2, 23
Let c = -887 - -2861. List the prime factors of c.
2, 3, 7, 47
Let t = -492 - -493. What are the prime factors of (-145)/10*(-91 - -5)/t?
29, 43
Suppose 1280 = -s - 4*s. Let p = s - -528. Let n = p - 175. What are the prime factors of n?
97
List the prime factors of (-10)/2*194395/(-425).
2287
Let i be (3/6)/(12/(-504)). Let m = i - -25. Suppose -3*q = -3*n - 228, -m*q + 119 + 179 = -n. List the prime factors of q.
2, 37
Suppose 0 = 2*g + 5*f - 2*f - 5, 2*g - f - 17 = 0. Let o(u) = -u**2 + 6*u + 10. Let q be o(g). List the prime factors of (1 - -53 - q) + 4.
5, 11
Suppose 4*r + 0 - 10 = 2*q, -5*r - q = -30. Let m(j) = -j**3 + 6*j**2 - 3*j - 7. Let l be m(r). Suppose 0 = l*f - 316 - 38. What are the prime factors of f?
2, 59
Let m = 249 + -245. What are the prime factors of ((-215)/2)/(42/12 - m)?
5, 43
Suppose -27*z = -366 + 5820. Let i = 650 + z. List the prime factors of i.
2, 7
Let a(l) = -l**3 - 2*l - 2. Let h be a(-1). Let x be 0 - h - -2 - -4. Suppose 0*n + 430 = x*d + 2*n, -4*n + 188 = 2*d. What are the prime factors of d?
2, 3, 7
Let q be ((-1814)/(-4))/((-2)/(-4)). List the prime factors of 1/2 + q/2.
2, 227
Let g(i) = 60*i**2 - 15*i + 162. What are the prime factors of g(8)?
2, 3, 647
Suppose k - 145663 = -14*k - 1393. What are the prime factors of k?
2, 3, 7, 229
Let j(f) = -22*f - 5. Suppose -3*n = 45 - 54. Let t be j(n). Let v = 158 + t. What are the prime factors of v?
3, 29
Suppose 42 = -f - 2*f. Let m be (-70)/(-4)*7/(f/(-8)). Suppose 3*z - 85 = 2*g + 113, -2*g = -z + m. What are the prime factors of z?
2
Suppose -3*t = 2*t. List the prime factors of -2 + 109 + (-2 + t - 3).
2, 3, 17
Let x be (13/117)/(2/18). List the prime factors of 9/(-9) + x*573.
2, 11, 13
Suppose 4*w = -g + 87 + 111, -3*w + 145 = -g. Let a be 14/w - (-2529)/(-7). Let s = -218 - a. List the prime factors of s.
11, 13
Suppose -258 = 4*q + 114. List the prime factors of 1 - q - (-29 - -27).
2, 3
Suppose -5*i = -1 - 9. Suppose -82 = -5*p + 103. Suppose -v = -i*v + p. What are the prime factors of v?
37
Suppose -137*k - 168 = -143*k. List the prime factors of (1182/(-21))/((-4)/k).
2, 197
Let h(i) = 2*i**3 - 17*i**2 + 9*i + 26. Let y be h(8). Suppose 2772 = -27*c + y*c. List the prime factors of c.
2, 3, 11
Let i(y) be the first derivative of 173*y**2/2 + 38*y - 175. List the prime factors of i(3).
557
Suppose -5*k - 51 = 139. What are the prime factors of (-28)/266 + (-17256)/k?
2, 227
Let s = -3291 + 4836. Let m = s - 899. List the prime factors of m.
2, 17, 19
Let f = 21554 + -8483. List the prime factors of f.
3, 4357
Suppose -5*i = -5, 12*i - 37 = 4*y + 11*i. List the prime factors of (-3598)/y + ((-1550)/(-90) - 17).
2, 5
Let u be -2 + (-171)/(-9)*19. Let p = 1109 + u. List the prime factors of p.
2, 367
Suppose -u + 4*h + 5010 = 0, 8*h = 6*h + 10. What are the prime factors of u?
2, 5, 503
Suppose -16*b + 36*b - 56840 = 0. Suppose -7*d + 13160 = b. What are the prime factors of d?
2, 11, 67
Let z(d) = -2*d - 9. Let h(q) = -21*q - 98. Let p(v) = -5*h(v) + 56*z(v). Let l be (24/18)/((-1)/3). List the prime factors of p(l).
2, 7
Suppose 191*q = -195*q + 11*q + 4694250. List the prime factors of q.
2, 11, 569
Let u = 19 + -2. Suppose -10*l = 71*l - 2268. Suppose i + u = 2*r, -4*i - l = -r - 9. What are the prime factors of r?
7
Let c = -661 + 663. Suppose c*w - 799 = 3*z + 2225, -5*z = -20. List the prime factors of w.
2, 3, 11, 23
Suppose -15*w - 1728640 = -55*w. List the prime factors of w.
2, 37, 73
Suppose -d + 4*i + 22060 = -10337, -2*d - 2*i + 64814 = 0. List the prime factors of d.
5, 6481
Let z(u) = -u**3 - 2*u**2 - 4. Suppose 5*w = 15 - 25. Let j be z(w). What are the prime factors of ((-242)/33)/(j/6)?
11
Let x(p) = 4*p**2 + 4*p. Let s be x(3). Let v be (10 - 92/(-8))*2. Suppose -40 = v*r - s*r. List the prime factors of r.
2
Suppose 17*r = -71*r + 322247 + 249929. What are the prime factors of r?
2, 3251
Suppose -889 = 2*z + 97. Let p = z + 812. List the prime factors of p.
11, 29
Let t = -1475 + 2143. List the prime factors of t.
2, 167
Suppose 0 = -2*d - 3*r + 11082, 0 = -3*d + 29*r - 24*r + 16566. List the prime factors of d.
2, 3, 461
Let g be ((-12)/(2/1))/(-2) - 1. Let a(w) = 198*w - 20. List the prime factors of a(g).
2, 47
Let x(v) = -23*v - 41. Suppose 0*b + 10*b = -180. Let h be x(b). Suppose 5*m + 3*f - 1442 = 0, -4*m + 759 = -3*f - h. What are the prime factors of m?
2, 11, 13
Suppose 4*m + 10 = -10, 1055 = j - 5*m. Let q be j/4*32/20. Suppose 8*r - q = 180. What are the prime factors of r?
2, 37
Suppose 3*a = 3*f + 84822, 5*f - 56534 = -76*a + 74*a. What are the prime factors of a?
2, 3, 19, 31
List the prime factors of (18935/(-10)*-1*-4)/(-1).
2, 7, 541
Let n be (-14)/(-21) + (-14)/(-6). Suppose 4*a - n*g = 782, -4*g + 195 = a - 5*g. List the prime factors of a.
197
Let z(v) = 16*v**3 + v**2 - 32 + 61 - 27 + 2*v + 0*v**3. Let o be z(-1). What are the prime factors of 34 + o/(-9) + (-2)/3?
5, 7
List the prime factors of ((-11 - 13538/(-6)) + 10)*(0 - -3).
2, 17, 199
Suppose -3*g = 3*u - 0*g - 13509, 5*u = -4*g + 22513. What are the prime factors of 1/(-5 + 22512/u)?
643
Let t = -25834 - -38231. List the prime factors of t.
7, 11, 23
Suppose -608*c - 5*f = -609*c + 81657, 2*c = 5*f + 163304. 